u + 257. Calculate q(5).
-3
Let g(z) = 4*z**2 + z. Determine g(-1).
3
Let g(p) = 45*p + 3. Calculate g(-2).
-87
Let m(s) = 14*s - 4. Calculate m(1).
10
Let n(i) = -i**2 - 8*i - 5. Determine n(-9).
-14
Let u(i) = 8*i + 212. Calculate u(-23).
28
Let o(p) = -3*p - 3. What is o(-15)?
42
Let o(y) = -3*y + 23. What is o(15)?
-22
Let c(k) = k**3 - 4*k**2 - 2*k + 30. Determine c(4).
22
Let w(x) = x**3 - 25*x**2 + 67*x - 20. What is w(22)?
2
Let u(s) = -s**2 + 25*s - 63. Calculate u(23).
-17
Let a(p) = -p**3 + 7*p**2 - 5*p - 5. What is a(6)?
1
Let c(u) = -2*u**2 - 12*u + 56. Determine c(-8).
24
Let b(u) = u**2 + 6*u - 2. What is b(-5)?
-7
Let t(u) = -u + 12. Calculate t(-5).
17
Let d(p) = -3*p - 6. Give d(2).
-12
Let s(o) = o**2 + 3*o - 3. Calculate s(-4).
1
Let v(a) = 2*a**2 + 4*a - 2. Give v(0).
-2
Let v(d) = -d - 8. Give v(17).
-25
Let d(b) = -b**2 + 17*b - 12. Calculate d(16).
4
Let c(k) = -k + 7. What is c(10)?
-3
Let m(o) = -55*o + 726. What is m(13)?
11
Let y(a) = -2*a - 17. Give y(0).
-17
Let c(n) = n**3 - 6*n**2 + 3*n + 4. What is c(4)?
-16
Let v(l) = l**2 - 8*l + 4. Calculate v(3).
-11
Let d(y) = -y**2 + 3*y + 1. Determine d(4).
-3
Let r(k) = k**2 - 13*k + 13. Determine r(11).
-9
Let h(j) = -4*j + 10. Calculate h(4).
-6
Let g(i) = -2*i - 54. Calculate g(-28).
2
Let p(u) = -u**3 + 8*u**2 - u - 7. What is p(9)?
-97
Let k(x) = -11*x - 72. Give k(-3).
-39
Let i(g) = -6*g - 2. Give i(2).
-14
Let m(y) = y + 11. Determine m(9).
20
Let g(s) = s**2 + 11*s - 12. Give g(-11).
-12
Let u(w) = -21*w**2 + 2*w - 1. Calculate u(1).
-20
Let r(b) = 14*b - 10. Determine r(6).
74
Let d(s) = s**3 - 8*s**2 - s + 5. Give d(8).
-3
Let y(p) = -44*p - 608. Determine y(-14).
8
Let d(c) = -2*c + 16. Calculate d(12).
-8
Let g(n) = n**3 - 4*n**2 - 5*n - 2. What is g(5)?
-2
Let x(z) = -3*z + 71. Calculate x(18).
17
Let f(n) = -12*n - 76. Calculate f(-7).
8
Let j(g) = 7*g - 27. Give j(5).
8
Let m(j) = 2*j**2 + 50*j - 3. Calculate m(-25).
-3
Let m(h) = -5*h - 37. Calculate m(-7).
-2
Let m(n) = -n**3 + 46. What is m(0)?
46
Let j(q) = -2*q**2 + q + 8. Calculate j(-6).
-70
Let q(v) = 2*v**3 - 34*v**2 + 22*v + 9. What is q(16)?
-151
Let d(n) = n**2 + 10*n + 16. Give d(-8).
0
Let m(d) = -3*d + 11. Give m(5).
-4
Let x(j) = -2*j + 14. What is x(-1)?
16
Let i(s) = -s + 6. Give i(9).
-3
Let s(j) = -27*j - 106. Give s(-4).
2
Let u(t) = t**3 + 3*t**2 - 4*t + 9. What is u(-4)?
9
Let a(l) = 24*l + 793. What is a(-33)?
1
Let l(z) = -3*z**3 - 25*z**2 - 9*z - 2. Determine l(-8).
6
Let m(j) = -17*j - 8. Determine m(-3).
43
Let w(t) = -t**3 + 10*t**2 + 34*t + 9. What is w(13)?
-56
Let d(v) = v**2 + 6*v - 14. What is d(3)?
13
Let c(t) = t**3 + 7*t**2 - 2*t - 12. What is c(-4)?
44
Let h(d) = -d**2 - 8*d + 6. What is h(-5)?
21
Let j(g) = -6*g - 23. Give j(-3).
-5
Let q(g) = -2*g**2 + 33*g - 34. Determine q(15).
11
Let m(t) = t**2 + 31*t - 216. What is m(-36)?
-36
Let a(h) = -h**2 + 2*h + 19. Determine a(7).
-16
Let s(m) = -m**2 + 2. Determine s(-3).
-7
Let i(c) = -7*c + 12. Give i(5).
-23
Let h(c) = -c**3 - 7*c**2 - 5*c - 7. What is h(-6)?
-13
Let c(m) = -4*m**3 - m**2 + m - 1. Give c(1).
-5
Let t(s) = -15*s - 1390. What is t(-93)?
5
Let m(b) = -2*b - 33. What is m(-9)?
-15
Let a(y) = -y**2 - 4*y + 18. What is a(3)?
-3
Let y(j) = -j**3 - 25*j**2 - 86*j - 32. Calculate y(-21).
10
Let q(n) = -n**2 + 21*n - 110. Calculate q(13).
-6
Let m(a) = -3*a + 5. Determine m(2).
-1
Let d(t) = -10*t - 14. Calculate d(-2).
6
Let n(s) = -2*s**2 + 103*s + 169. Give n(53).
10
Let t(k) = -4*k - 25. Calculate t(7).
-53
Let w(z) = -z**2 - 23*z - 71. What is w(-19)?
5
Let t(i) = -2*i**3 + 11*i**2 - 6*i - 10. Determine t(5).
-15
Let d(c) = -2*c - 15. Give d(-7).
-1
Let j(o) = 39*o + 91. Calculate j(-3).
-26
Let z(v) = 6*v + 80. Give z(-14).
-4
Let v(p) = -4*p**2 + p - 10. What is v(0)?
-10
Let x(h) = h**2 + 17*h - 80. What is x(-21)?
4
Let k(z) = 23*z**2 - 72*z + 8. Determine k(3).
-1
Let s(o) = -2*o**2 + 6*o + 602. Calculate s(-16).
-6
Let n(k) = 12*k**2 + 7*k + 8. What is n(-1)?
13
Let l(k) = k**3 + 22*k**2 - 54*k - 149. Give l(-24).
-5
Let j(c) = c**2 + c - 6. Determine j(0).
-6
Let m(z) = z**2 + 18*z - 24. Determine m(-20).
16
Let n(q) = -20*q + 245. Determine n(13).
-15
Let w(m) = -114*m + 6. Determine w(-1).
120
Let i(m) = m**3 + 17*m**2 - 6*m - 61. Determine i(-17).
41
Let r(i) = -i**2 + 19*i - 62. Calculate r(15).
-2
Let c(p) = -p**2 - 8*p - 2. Determine c(-8).
-2
Let g(h) = h**2 - 15*h + 26. Calculate g(6).
-28
Let y(d) = -d**3 + 4*d - 43. Determine y(0).
-43
Let w(s) = -26*s - 2. What is w(-1)?
24
Let l(w) = -w**2 + 24*w - 14. What is l(25)?
-39
Let l(r) = 16*r**3 + 4*r**2 - 8*r - 6. Calculate l(-1).
-10
Let i(w) = -w**3 + 15*w**2 + 33*w + 20. What is i(17)?
3
Let c(k) = -3*k**2 + 8*k - 3. Calculate c(5).
-38
Let d(l) = l**3 + l**2 - 6*l - 2. Calculate d(3).
16
Let q(c) = -11*c**3 - 2*c**2 + 3*c - 1. Calculate q(1).
-11
Let j(r) = 2*r**2 + r + 1. Give j(1).
4
Let z(t) = -t**3 - 24*t**2 + 23*t - 29. Calculate z(-25).
21
Let f(i) = 13*i + 192. What is f(-14)?
10
Let f(j) = -2*j**3 + 38*j**2 - 40*j + 78. Calculate f(18).
6
Let r(y) = -y**2 + 6. Calculate r(3).
-3
Let t(p) = 3*p**2 - 2*p - 1. What is t(-4)?
55
Let p(t) = -2*t - 6. Determine p(-7).
8
Let w(s) = -2*s - 13. Determine w(-9).
5
Let d(k) = -k**3 + k**2 - k + 1. Determine d(1).
0
Let t(d) = 24*d + 185. Calculate t(-8).
-7
Let o(n) = -n**3 - 5*n**2 + 6*n + 5. Calculate o(-6).
5
Let q(x) = -2*x - 7. Calculate q(5).
-17
Let r(t) = t**3 + t**2 + 20. Calculate r(0).
20
Let m(x) = x**3 - 7*x**2 + 3*x - 8. Determine m(7).
13
Let o(a) = a**2 - 3*a - 6. Give o(3).
-6
Let p(t) = t**3 - 3*t**2 - t - 3. Give p(3).
-6
Let v(l) = -9*l - 151. What is v(-18)?
11
Let o(q) = q + 16. Calculate o(-10).
6
Let l(g) = g**3 - 9*g**2 - 13*g - 11. What is l(10)?
-41
Let q(r) = 22*r - 7. Give q(2).
37
Let p(m) = -3*m**2 - 12*m + 4. Determine p(-4).
4
Let m(o) = o**3 - 2*o**2 - 4*o + 1. Give m(3).
-2
Let k(r) = r**3 + 15*r**2 - 3*r - 39. Determine k(-15).
6
Let m(d) = -5*d**3 + 2*d**2 + 2*d - 4. What is m(-2)?
40
Let m(v) = -9*v - 7. Give m(3).
-34
Let u(k) = -k**3 - 51. Give u(0).
-51
Let u(d) = 15*d + 35. Give u(-3).
-10
Let w(d) = -2*d**2 - 45*d + 133. Give w(3).
-20
Let w(b) = b**3 - 13*b + 11. Give w(3).
-1
Let l(s) = s**3 + 4*s**2 - 8*s - 9. Calculate l(-5).
6
Let r(v) = -v - 9. Determine r(-6).
-3
Let q(a) = -a**3 + 5*a**2 - 2*a - 1. Calculate q(4).
7
Let v(k) = k**2 - 11*k + 18. Determine v(3).
-6
Let q(l) = 4*l**3 + 3*l**2 - 4*l - 2. What is q(-2)?
-14
Let v(o) = o**2 + 4*o + 7. Calculate v(-6).
19
Let v(q) = -2*q**2 + 3*q - 7. Give v(2).
-9
Let m(x) = 2*x + 3. Give m(-2).
-1
Let b(h) = -h + 6. What is b(2)?
4
Let y(v) = 8*v - 82. Give y(11).
6
Let a(i) = -i**3 - 5*i**2 - 16. Give a(-6).
20
Let x(f) = -f**3 + 4*f**2 - 2*f + 1. Determine x(3).
4
Let x(q) = 3*q**2 + q - 16. What is x(3)?
14
Let x(m) = 2*m**3 + 31*m**2 + 13*m - 33. Give x(-15).
-3
Let h(a) = a**2 + 5*a - 20. Determine h(-10).
30
Let p(h) = -h**2 - 11*h + 1. Determine p(-10).
11
Let m(x) = 2*x + 23. Determine m(-11).
1
Let p(h) = -5*h**2 + 2*h - 3. Determine p(3).
-42
Let n(f) = f**3 + f**2 + 11*f + 9. Determine n(0).
9
Let k(i) = -i**3 - 7*i**2 + 6*i - 3. Calculate k(-7).
-45
Let g(s) = -2*s - 18. What is g(-10)?
2
Let b(j) = -4*j + 112. Calculate b(18).
40
Let u(k) = -k**3 + 15*k**2 - 16*k + 33. Determine u(14).
5
Let n(r) = -r**2 + 7*r + 3. What is n(-10)?
-167
Let n(f) = f + 2. Give n(-5).
-3
Let o(l) = -23*l**2 + 3*l - 3. Determine o(-2).
-101
Let j(t) = 10*t**3 + 2*t**2 + 3*t + 3. What is j(-2)?
-75
Let c(r) = -6*r - 14. Determine c(-2).
-2
Let w(q) = -q**2 - 2*q + 115. Give w(10).
-5
Let q(w) = -74*w. What is q(-1)?
74
Let w(d) = -3*d - 39. What is w(-15)?
6
Let w(b) = -b**3 - 13*b**2 + 27*b - 46. Calculate w(-15).
-1
Let n(o) = 19*o - 78. Give n(4).
-2
Let r(d) = -d + 5. Calculate r(8).
-3
Let p(x) = x - 60. Give p(0).
-60
Let k(f) = -69*f**3 - 2*f**2 + 4*f - 1. Calculate k(1).
-68
Let c(o) = 2*o**3 + 135*o**2 - 64*o + 269. Determine c(-68).
-3
Let x(j) = 4*j + 82. Give x(-13).
30
Let q(k) = -9*k. Calculate q(1).
-9
Let m(l) = 6*l + 24. What is m(-6)?
-12
Let v(h) = h**3 - 9*h**2 - 72*h + 42. Give v(14).
14
Let z(a) = -111*a + 113. Calculate z(1).
2
Let x(g) = -g**3 - 5*g**2 - 17*g - 46. Calculate